 16) to base 3
11121020021011
Convert 1102424 (base 10) to base 15.
16b99e
What is 1540843 (base 9) in base 10?
853617
-24b59 (base 13) to base 15
-1517d
Convert 22244223 (base 5) to base 3.
100222222101
Convert 1444bc (base 13) to base 14.
cc644
What is -3312121 (base 8) in base 13?
-2520b9
-12122121212 (base 3) to base 12
-5447b
What is 7624467 (base 10) in base 7?
121543524
-23257 (base 15) to base 11
-77094
Convert -5632024 (base 7) to base 5.
-134300434
3107066 (base 10) to base 11
1832426
What is 540566 (base 7) in base 5?
11001212
Convert -2310033240 (base 5) to base 8.
-23533252
1244223004 (base 5) to base 11
183a048
-135 (base 11) to base 15
-a9
-322167 (base 10) to base 3
-121100221010
23274867 (base 9) to base 11
6437911
312010013 (base 4) to base 3
102020202202
Convert -3323220024 (base 5) to base 4.
-123220002201
Convert -101010111000010011 (base 2) to base 8.
-527023
What is -19c55 (base 16) in base 15?
-21422
171032 (base 9) to base 14
2a766
What is -87aa61 (base 11) in base 4?
-11113020222
Convert 105925 (base 10) to base 8.
316705
144440 (base 6) to base 10
13992
What is 27163066 (base 9) in base 3?
221012010002020
1110110010011111100 (base 2) to base 11
3010aa
What is 200101222022 (base 3) in base 8?
1303466
50740662 (base 8) to base 12
3716756
Convert 160a982 (base 11) to base 3.
12011211112010
What is -101110110001111100011001 (base 2) in base 8?
-56617431
324159 (base 12) to base 8
3020725
What is 19862c1 (base 14) in base 5?
11222204210
What is 1e92e0 (base 16) in base 9?
3683471
What is -3375213 (base 9) in base 5?
-431234331
What is -24153042 (base 7) in base 4?
-20030103201
Convert -110211220200121 (base 3) to base 7.
-112016425
What is -14032433 (base 5) in base 3?
-21020222102
What is -7408494 (base 11) in base 8?
-61634556
1157750 (base 8) to base 4
1031333220
Convert -368422 (base 13) to base 9.
-2406081
What is -121014 (base 5) in base 14?
-1901
Convert 11102201423 (base 5) to base 16.
b959a9
What is -139337 (base 11) in base 13?
-77c19
Convert 30003053 (base 6) to base 4.
3031030221
What is 7384a (base 11) in base 2?
11010001111101110
What is 20304 (base 7) in base 3?
20210110
Convert -2d9505 (base 14) to base 12.
-652429
Convert -100100100000101100 (base 2) to base 12.
-72664
What is -dfd12 (base 16) in base 13?
-261377
Convert -23101013 (base 4) to base 10.
-46151
-8441656 (base 10) to base 4
-200030330320
Convert -2416780 (base 11) to base 2.
-10000000100000011001000
What is 120003130 (base 4) in base 15?
1e2d4
Convert 1353162 (base 9) to base 12.
2ba485
Convert -16576a (base 13) to base 11.
-349a09
What is a3715 (base 12) in base 8?
641101
What is -20002210202 (base 3) in base 7?
-1010162
What is -1062051 (base 10) in base 13?
-2b2543
-3102332122 (base 4) to base 3
-1121220101201
Convert -555505 (base 11) to base 14.
-190b01
What is -2137975 (base 10) in base 8?
-10117567
What is -11133232 (base 7) in base 8?
-3537320
2574574 (base 9) to base 12
57a5aa
Convert 3402451 (base 7) to base 10.
421093
What is 11000110100011000 (base 2) in base 16?
18d18
-15113 (base 9) to base 13
-48c3
Convert -1c6234 (base 13) to base 6.
-23332244
Convert -185304a (base 12) to base 7.
-61140466
Convert b95157 (base 13) to base 8.
20464762
Convert 227702 (base 12) to base 6.
15500402
Convert 1100010111111101110001 (base 2) to base 3.
20002210210001
Convert -2440355 (base 7) to base 5.
-34443232
1101100011001101 (base 2) to base 15
116a1
-42a978 (base 14) to base 6
-120215034
Convert -247462 (base 11) to base 5.
-44444120
741522 (base 10) to base 11
467131
-4a4bd (base 15) to base 13
-84040
670015 (base 10) to base 6
22205531
What is -32310032112 (base 4) in base 5?
-1443241201
What is -273117 (base 14) in base 12?
-552ba9
Convert 24a4437 (base 12) to base 10.
7182187
What is -152144 (base 7) in base 10?
-29579
-122053036 (base 7) to base 5
-3430111441
What is 12002321120 (base 4) in base 11?
9926a2
What is 3a595 (base 12) in base 11?
5538a
Convert 1324211044 (base 5) to base 12.
1157132
-4726745 (base 11) to base 5
-4103024030
-bac68 (base 14) to base 15
-8e0e0
Convert 12104422 (base 5) to base 8.
334730
What is -243430343 (base 5) in base 8?
-4320032
-21100211221 (base 3) to base 14
-3ab85
-12d401d (base 14) to base 10
-9115595
Convert 10565401 (base 7) to base 6.
31445144
What is -1887656 (base 10) in base 6?
-104243052
What is 101101010000101101000 (base 2) in base 12?
5b6348
-1338563 (base 12) to base 2
-1110100010000000011011
Convert 12308 (base 9) to base 5.
231040
What is -50746 (base 14) in base 11?
-122432
-563062 (base 8) to base 7
-1420641
-35502 (base 15) to base 13
-5c426
Convert 342540422 (base 6) to base 15.
8457bb
Convert 1171aa (base 12) to base 16.
44d52
What is -103a26 (base 15) in base 14?
-161398
Convert -3c67 (base 15) to base 8.
-31172
4cbb1 (base 13) to base 6
3020123
What is 9db2 (base 14) in base 9?
41524
Convert -295791 (base 15) to base 10.
-1992961
11cc0 (base 15) to base 12
28b00
Convert -3344130 (base 5) to base 11.
-40600
What is -914cd5 (base 14) in base 7?
-56404255
What is 222123202111 (base 4) in base 12?
38849b1
-259221 (base 11) to base 13
-113671
Convert 2222230 (base 9) to base 11.
747425
What is -45137 (base 10) in base 13?
-17711
What is -24626140 (base 8) in base 7?
-64221454
Convert 20222020221 (base 3) to base 9.
228227
10304132 (base 8) to base 13
5bc369
-519c3 (base 16) to base 10
-334275
-14514224 (base 8) to base 10
-3315860
What is -26476 (base 14) in base 3?
-11210012022
-11867431 (base 9) to base 7
-100365550
What is -3303425 (base 11) in base 3?
-101220210022111
What is -113103332 (base 4) in base 6?
-2014022
Convert 101001000001110101 (base 2) to base 15.
34bd8
What is 187845 (base 10) in base 12?
90859
-1011033213102 (base 4) to base 15
-18d8510
Convert -34035150 (base 6) to base 9.
-1841813
What is 1000110110111000 (base 2) in base 16?
8db8
-6327a7 (base 12) to base 3
-2221020122001
What is -2986b76 (base 12) in base 15?
-b0ab26
5ee344 (base 15) to base 9
8510341
Convert -23575025 (base 8) to base 13.
-10c2b29
What is 351731 (base 15) in base 10?
2536246
Convert -2964126 (base 10) to base 12.
-bab426
Convert -1310101311 (base 4) to base 2.
-1110100010001110101
What is -10001001001001110 (base 2) in base 5?
-4221342
Convert -442770 (base 8) to base 16.
-245f8
What is -3a815 (base 12) in base 10?
-80657
-112552230 (base 6) to base 13
-586380
-200f5 (base 16) to base 11
-8a72a
Convert -2023213212 (base 4) to base 15.
-b46a3
-b46a49 (base 12) to base 3
-12022212201110
100011000110101 (base 2) to base 13
8247
-3123210 (base 5) to base 13
-1a6a5
Convert 2312201011 (base 4) to base 9.
1358444
What is 5589262 (base 10) in base 12?
1a5663a
-11000011210221 (base 3) to base 7
-24045535
a63 (base 13) to base 7
5110
What is -2022113002 (base 4) in base 2?
-10001010010111000010
43441 (base 8) to base 7
104042
-226c8 (base 14) to base 16
-146d8
30312201 (base 4) to base 10
52641
What is 21001110102 (base 3) in base 14?
38857
What is 3794734 (base 10) in base 11?
2162049
-646704 (base 8) to base 6
-4350220
What is 221412423 (base 5) in base 14?
1b239b
Convert 3b69c (base 13) to base 11.
76433
What is -605505 (base 9) in base 15?
-7129e
Convert 2e9a3 (base 15) to base 4.
210302112
What is 113101401 (base 6) in base 4?
20002210021
Convert -11121413 (base 5) to base 11.
-67997
What is 22201332231 (base 4) in base 16?
2a1fad
What is 5a68ec (base 16) in base 2?
10110100110100011101100
Convert -10205315 (base 7) to base 14.
-1850b5
-980052 (base 10) to base 2
-11101111010001010100
-2190869 (base 10) to base 9
-4108268
What is 22120002012 (base 3) in base 16?
2920a
205315 (base 7) to base 5
2113423
Convert -164a10 (base 12) to base 10.
-381612
-22a46 (base 14) to base 9
-137623
9284a1 (base 13) to base 9
6377384
What is 3036730 (base 8) in base 11?
4a8831
What is -1444150 (base 7) in base 9?
-327687
What is 4897478 (base 11) in base 15?
b3353c
Convert -1101110101000010101 (base 2) to base 12.
-19a299
Convert 9e2da (base 16) to base 11.
402859
156580 (base 9) to base 16
179c1
54a28 (base 16) to base 10
346664
Convert 173062 (base 10) to base 13.
60a06
-4362141 (base 7) to base 2
-10000010111001111011
What is -7243773 (base 10) in base 4?
-123220133331
6a9239 (base 11) to base 12
463043
-16352351